210042146?
2, 105021073
What are the prime factors of 129901790?
2, 5, 12990179
List the prime factors of 67319618.
2, 479, 70271
List the prime factors of 704427728.
2, 47, 936739
List the prime factors of 78391346.
2, 11, 53, 67231
What are the prime factors of 440545481?
1217, 361993
What are the prime factors of 2317334642?
2, 7, 37, 4473619
What are the prime factors of 469098609?
3, 7, 269, 11863
List the prime factors of 1723181124.
2, 3, 7, 20514061
What are the prime factors of 1256591579?
1256591579
What are the prime factors of 594421689?
3, 307, 645409
What are the prime factors of 90391451?
90391451
List the prime factors of 189934788.
2, 3, 15827899
What are the prime factors of 45209586?
2, 3, 7534931
What are the prime factors of 3956966239?
19, 61, 3414121
List the prime factors of 134290062.
2, 3, 19, 14543
List the prime factors of 230257050.
2, 3, 5, 109, 14083
List the prime factors of 7426655374.
2, 89, 41722783
What are the prime factors of 344413226?
2, 172206613
List the prime factors of 199315449.
3, 43, 353, 1459
List the prime factors of 135555299.
11, 419, 29411
What are the prime factors of 7324912084?
2, 7, 261604003
What are the prime factors of 2010180701?
30013, 66977
List the prime factors of 58941338.
2, 103, 359, 797
What are the prime factors of 375532178?
2, 7, 23, 23801
What are the prime factors of 748804221?
3, 11, 7563679
List the prime factors of 17436382.
2, 8718191
What are the prime factors of 53855903?
23, 101807
What are the prime factors of 501928676?
2, 3229, 38861
List the prime factors of 61407163.
61407163
List the prime factors of 26524176.
2, 3, 7, 78941
List the prime factors of 1288923846.
2, 3, 7, 233, 131711
What are the prime factors of 18569635?
5, 7, 431, 1231
List the prime factors of 53029105.
5, 43, 157, 1571
What are the prime factors of 295668?
2, 3, 43, 191
List the prime factors of 19968674.
2, 11, 907667
List the prime factors of 1506486421.
11, 19, 241, 2719
What are the prime factors of 92136301?
19, 4849279
List the prime factors of 1481340598.
2, 740670299
What are the prime factors of 907787339?
19, 53, 73, 233
List the prime factors of 947305094.
2, 23, 67, 307367
List the prime factors of 422611125.
3, 5, 1126963
What are the prime factors of 5867973939?
3, 1955991313
List the prime factors of 2980127598.
2, 3, 7, 2213, 32063
List the prime factors of 83919474.
2, 3, 83, 56171
List the prime factors of 413738481.
3, 13, 10608679
List the prime factors of 1662555496.
2, 7, 197, 21529
List the prime factors of 35879796.
2, 3, 149, 6689
List the prime factors of 4899297.
3, 13, 269, 467
List the prime factors of 35395683.
3, 17, 694033
What are the prime factors of 469628317?
191, 263, 9349
What are the prime factors of 2640462856?
2, 330057857
What are the prime factors of 617928290?
2, 5, 7, 8827547
List the prime factors of 1665065611.
11, 23, 191, 34457
What are the prime factors of 128293197?
3, 42764399
List the prime factors of 4575119846.
2, 11, 207959993
List the prime factors of 729317136.
2, 3, 17, 107, 8353
List the prime factors of 432836078.
2, 29, 7462691
What are the prime factors of 170458303?
17, 2371, 4229
List the prime factors of 4855212847.
47, 107, 965443
List the prime factors of 17585180.
2, 5, 879259
What are the prime factors of 1430075001?
3, 67, 229, 31069
What are the prime factors of 45400453?
7, 71, 167, 547
What are the prime factors of 53745495?
3, 5, 3583033
What are the prime factors of 571051960?
2, 5, 3617, 3947
List the prime factors of 578607549.
3, 13, 1447, 10253
What are the prime factors of 146037898?
2, 73018949
What are the prime factors of 442992501?
3, 7, 71, 97, 1021
What are the prime factors of 51337573?
7, 181, 40519
List the prime factors of 2060385428.
2, 515096357
List the prime factors of 8154675700.
2, 5, 4289, 19013
What are the prime factors of 758474397?
3, 17, 4957349
What are the prime factors of 32208443?
4091, 7873
List the prime factors of 265062658.
2, 7, 83, 32587
What are the prime factors of 2448720?
2, 3, 5, 19, 179
List the prime factors of 106152784.
2, 6634549
List the prime factors of 1615246959.
3, 17, 29, 823, 1327
What are the prime factors of 132811028?
2, 7, 1283, 3697
List the prime factors of 34932023.
7, 487, 10247
List the prime factors of 121393147.
19, 6389113
List the prime factors of 133569743.
197, 607, 1117
List the prime factors of 296055401.
149, 1986949
What are the prime factors of 36046571?
11, 3276961
What are the prime factors of 45613966?
2, 149, 153067
What are the prime factors of 141764226?
2, 3, 23, 1027277
List the prime factors of 2196277515.
3, 5, 17, 109, 26339
List the prime factors of 1663629925.
5, 66545197
List the prime factors of 59145445.
5, 1061, 11149
What are the prime factors of 351102634?
2, 19, 53, 174331
What are the prime factors of 554534499?
3, 73, 953, 2657
List the prime factors of 841012.
2, 167, 1259
What are the prime factors of 187212068?
2, 41, 223, 5119
What are the prime factors of 158304127?
29, 467, 11689
What are the prime factors of 4012128554?
2, 7, 17, 41, 179, 2297
List the prime factors of 867438846.
2, 3, 2423, 19889
List the prime factors of 114346876.
2, 7, 4083817
What are the prime factors of 14078119?
11, 863, 1483
List the prime factors of 62052906.
2, 3, 10342151
What are the prime factors of 1806762?
2, 3, 301127
What are the prime factors of 760600786?
2, 11, 37, 934399
What are the prime factors of 55761434?
2, 27880717
What are the prime factors of 5774338?
2, 139, 20771
List the prime factors of 166209194.
2, 977, 85061
List the prime factors of 75831919.
41, 43, 43013
What are the prime factors of 70896439?
70896439
What are the prime factors of 305415490?
2, 5, 30541549
List the prime factors of 67396860.
2, 3, 5, 41603
What are the prime factors of 4719735890?
2, 5, 14389, 32801
List the prime factors of 34073202.
2, 3, 17, 29, 11519
List the prime factors of 93115197.
3, 7, 492673
What are the prime factors of 128698845?
3, 5, 11, 779993
What are the prime factors of 2597886473?
7, 13, 19, 127, 11831
What are the prime factors of 216851495?
5, 7, 6195757
List the prime factors of 98354329.
4831, 20359
List the prime factors of 427624663.
1621, 263803
What are the prime factors of 475078973?
503, 944491
List the prime factors of 2730408998.
2, 17, 281, 16811
List the prime factors of 1539589762.
2, 79, 9744239
What are the prime factors of 50058387?
3, 17, 327179
What are the prime factors of 4988000529?
3, 173, 983, 3259
List the prime factors of 740220803.
7, 73, 206939
List the prime factors of 1476909506.
2, 29, 25463957
List the prime factors of 625778030.
2, 5, 2371, 26393
List the prime factors of 82539408.
2, 3, 7, 245653
List the prime factors of 21378347.
21378347
List the prime factors of 215587737.
3, 19, 71, 1973
List the prime factors of 4324274049.
3, 19, 75864457
What are the prime factors of 254102540?
2, 5, 12705127
What are the prime factors of 2242786766?
2, 11, 71, 719, 1997
List the prime factors of 214409689.
13, 16493053
What are the prime factors of 2146262619?
3, 715420873
What are the prime factors of 387175921?
11, 461, 631
List the prime factors of 59711831.
59711831
What are the prime factors of 1939707894?
2, 3, 323284649
List the prime factors of 1491245964.
2, 3, 13, 354047
What are the prime factors of 260984969?
7, 17, 19, 115429
List the prime factors of 351816880.
2, 5, 457, 9623
List the prime factors of 824319668.
2, 13963, 14759
List the prime factors of 36637358.
2, 19, 907, 1063
What are the prime factors of 28991510?
2, 5, 31, 41, 2281
What are the prime factors of 133251420?
2, 3, 5, 23, 223, 433
List the prime factors of 527470887.
3, 1709, 102881
What are the prime factors of 220141254?
2, 3, 36690209
What are the prime factors of 24376554?
2, 3, 277, 4889
List the prime factors of 2098322609.
9967, 210527
What are the prime factors of 486576171?
3, 73, 740603
List the prime factors of 944133476.
2, 11, 13, 150053
What are the prime factors of 30542817?
3, 10180939
What are the prime factors of 3596102510?
2, 5, 7, 11, 13, 59, 6089
List the prime factors of 54502907.
54502907
What are the prime factors of 27529141?
389, 70769
What are the prime factors of 44839318?
2,